reatest common factor of 15 and i?
15
Let p be 4/1 + (-6 - -6). Suppose -h + 4*l + 25 = 2*l, p*h + 4*l = 40. Calculate the highest common divisor of h and 45.
15
Suppose -20 = -11*i + 6*i. Suppose 0 = u + 2*b + b + 10, i*b + 13 = -u. Let v be 15 + (-1)/(u/(-1)). Calculate the greatest common factor of 56 and v.
14
Let m = 13 - 64. Let d = 71 + m. Suppose -3*h + 403 = -3*y - d, 298 = 2*h + 2*y. Calculate the highest common factor of 29 and h.
29
Let a be ((-920)/4 + 0)/((-2)/3). What is the greatest common divisor of 15 and a?
15
Let d = -138 - -140. What is the greatest common factor of d and 254?
2
Let s = -36 + 34. Let y be 25/(-10)*1*s. What is the greatest common factor of y and 5?
5
Suppose -8 = -2*f, -3*l + 2*f + 13 = -24. What is the highest common factor of 945 and l?
15
Let z(b) = 6*b - 9. Let r be z(-5). Let d = 54 + r. Let j be 32/5 - (-4)/(-10). What is the greatest common divisor of d and j?
3
Let y(b) = -b**3 + 26*b**2 + 36*b - 34. Let x be y(27). What is the greatest common divisor of x and 19?
19
Let r be 2 - (1 + (0 - 0)). Let z be r/(3/24) + 1. Let g(k) = k**2 - 9*k + 11. Let t be g(z). Calculate the greatest common divisor of 11 and t.
11
Suppose -12081 = -25*t + 869. Calculate the highest common factor of 14 and t.
14
Let c be (-265)/(-20) - (-3)/4. What is the highest common factor of 280 and c?
14
Suppose 39*i - 876 = -34*i. Calculate the greatest common divisor of 102 and i.
6
Let n be 26/247 + (-914)/19. Let j be (-16)/n*(-168)/(-1). Calculate the highest common factor of j and 8.
8
Suppose 19*t = 14*t + 60. Let u be 46 - (t/(-16))/((-6)/16). Calculate the highest common divisor of 308 and u.
44
Let b be (-2 - -22)/((-2)/(-10)). Suppose 6*u - 14 - b = 0. Calculate the highest common factor of 152 and u.
19
Let n be 8*(-11)/(33/(-9)). Calculate the highest common divisor of 40 and n.
8
Suppose 0 = -5*j + 5*c + 3 - 43, j + 8 = 3*c. Let z(v) = v**3 + 8*v**2 + 3. Let x be z(j). What is the greatest common divisor of 9 and x?
3
Let u be 52437/70 + 3/(-30). What is the highest common divisor of u and 7?
7
Let a be ((-549)/36)/(2/(-24)). Let o = a + -92. Suppose 3*b = 2*b + o. Calculate the greatest common divisor of b and 13.
13
Let h = -924 + 951. What is the highest common factor of 297 and h?
27
Let q be (-240)/(-2) - (-64)/(-8). Calculate the greatest common factor of 7 and q.
7
Let d = -114 - -118. Suppose 5*y = -2*b + 29, y - 5*y - d*b + 28 = 0. What is the highest common factor of y and 20?
5
Suppose 5*z - 5*o - 455 = 0, 2*z = -5*o + 237 - 41. What is the greatest common factor of z and 341?
31
Suppose -18*j + 19*j - 26 = 0. What is the greatest common factor of j and 39?
13
Suppose -790 = -4*w - 238. Let j be w/21 - 21/(-49). Suppose -2 = -4*k + 2. What is the greatest common divisor of j and k?
1
Let w(s) = s**3 + 10*s**2 - 25*s + 58. Let x be w(-12). What is the highest common divisor of 30 and x?
10
Let v = 3 - -5. Suppose -v*g + 10*g - 16 = 0. What is the greatest common factor of g and 4?
4
Let z be (-4 + 0 - (-14)/3)*-87. Let t = z - -71. Suppose g = 5*x + 158, 3*g = 5*x - x + 441. What is the highest common divisor of g and t?
13
Let q(x) = -10 - 11 + 30*x - 35*x + 4. Let o be q(-5). Calculate the greatest common divisor of 8 and o.
8
Let x(f) = -136*f - 32. Let r be x(-3). Calculate the greatest common factor of 8 and r.
8
Let p be 0 + 33 + 4*20/16. Suppose k - 58 = 5*c + 47, 5*c = 5*k - 485. Calculate the greatest common divisor of k and p.
19
Let m(z) = -13*z - 54. Let c be m(-13). Calculate the greatest common factor of 23 and c.
23
Let q(s) be the third derivative of s**5/12 + s**4/12 + s**3/6 + 18*s**2. Let n be q(-2). What is the highest common factor of 187 and n?
17
Let v be (-1106)/(-16) + 9/(-72). What is the highest common divisor of 621 and v?
69
Let j be (-3)/(-9)*-1 - 464/(-24). Let x = 14 - -5. What is the highest common factor of j and x?
19
Let a = 39 - 47. Let d(y) = 6*y**2 + 17*y - 6. Let v be d(a). What is the highest common factor of v and 22?
22
Let b = -1362 - -1929. Calculate the highest common factor of 63 and b.
63
Let t = -385 + 394. Suppose 3*p + 121 = v + 6*p, -2*v + p = -235. Suppose -170 = -4*j + v. Calculate the greatest common factor of t and j.
9
Suppose -2*u = -5*g + 297, 18*g - 21*g + 172 = 5*u. Calculate the greatest common factor of 236 and g.
59
Suppose -47*v + 43*v - 4*m + 60 = 0, 0 = 2*v + m - 31. Calculate the greatest common factor of 3 and v.
1
Let f(p) = p**2 - 18*p + 6. Let x be f(18). Let o be ((-5)/((-25)/x))/((-6)/(-300)). What is the highest common factor of o and 30?
30
Let h = 199 + -74. What is the highest common divisor of 5 and h?
5
Let i be 12/(1 - 4) - 44. Let t be (77/28)/((-2)/i). Calculate the greatest common factor of 6 and t.
6
Suppose -3*b - 16 + 67 = 0. Calculate the highest common divisor of 1 and b.
1
Let b(p) = 3*p - 3. Let z be b(5). Let a be (4/6)/((-15)/(-135)) + 2. Calculate the highest common factor of a and z.
4
Suppose 363 = h - 24. Suppose -h = -3*c + 51. Let d be (-63)/147 + c/14. Calculate the greatest common factor of d and 110.
10
Let z(b) = 52*b - 572. Let d be z(20). What is the greatest common factor of d and 6?
6
Let b be (1/(-3))/(32/(-480)). Calculate the greatest common factor of b and 1205.
5
Let a(t) = 13*t**2 + t + 1. Let j be a(1). Let z(p) = -2*p - 5. Let l be z(-10). Calculate the greatest common factor of l and j.
15
Suppose 1012 + 366 = 2*z. Calculate the highest common divisor of z and 212.
53
Suppose 3*v = -29 + 83. Let l be (0 + -1 + -3)*1. Let o be -7 - -8 - l/2. What is the highest common divisor of v and o?
3
Let f = 369 + -200. Suppose -5*x = 4*a - 10*x - f, -3*x = -2*a + 87. Calculate the greatest common divisor of a and 9.
9
Suppose 4*y = -0*y + 132. Suppose -467 - 1346 = -5*n - i, -i = n - 361. What is the greatest common factor of y and n?
33
Let q be ((-5)/2)/(1/11)*-8. Calculate the highest common divisor of 55 and q.
55
Let l = -9 + 8. Let x(b) = -33*b**3 - b - 2. Let n be x(l). What is the greatest common divisor of n and 48?
16
Let s = 224 - 147. Suppose -3*a = -k - 8, -k - 4*a + 2*a + 17 = 0. Calculate the greatest common factor of s and k.
7
Let b(c) = 16*c**2 + c - 1. Let i be b(-1). What is the highest common factor of i and 70?
14
Suppose -d - 1334 = -1374. Let r(i) = -5*i + 3. Let f be r(4). Let b = f + 33. What is the greatest common divisor of b and d?
8
Let f(r) = -r**2 - 14*r - 7. Suppose 0 = -5*o - 19 - 26. Let u be f(o). What is the greatest common factor of 266 and u?
38
Let t(a) = a**3 - 2*a**2 - 4*a - 2. Let o be t(4). Suppose 0 = m - 414 + 400. What is the highest common factor of o and m?
14
Let l = 461 + -441. What is the highest common factor of l and 100?
20
Let a(u) = 2*u**3 - u**2 - 3*u + 3. Let p be a(2). Suppose z = 1, -z = -2*j - 2*z + 23. Let o = j - p. What is the highest common divisor of o and 8?
2
Suppose 7 = 2*n - n. Suppose -n*d + 4 = -3*d. Let o be ((-20)/d + 3)/(-1). What is the greatest common factor of o and 17?
17
Suppose 2*x = x + 3. Suppose x*f + f - 60 = 0. Let z be (20/12 - 1)*f. What is the greatest common factor of 80 and z?
10
Let f(d) = d**3 - d - 2. Let k be f(-2). Suppose -11*m + 16*m + 90 = 0. Let h = k - m. Calculate the highest common divisor of h and 10.
10
Let c(w) = -67*w - 719. Let r be c(-13). Calculate the highest common divisor of r and 128.
8
Let p = 27 - 10. Suppose -23*a + 19*a + 476 = 0. Calculate the highest common factor of a and p.
17
Let k = 1609 - 1224. What is the highest common factor of k and 33?
11
Let n(z) = 2*z**2 + 2*z - 61. Let h be n(8). Let a be 29/116 - h/(-4). Let o = -9 + 16. What is the greatest common divisor of o and a?
7
Suppose 0 = 5*u + 20, -j - u + 32 - 27 = 0. Calculate the greatest common factor of 4 and j.
1
Let a be 20/12*(-72)/(-40). Calculate the highest common factor of a and 327.
3
Suppose 28 = r + z, z + 0*z + 68 = 3*r. Let f = 117 - 99. Calculate the greatest common divisor of r and f.
6
Suppose -10*n + 5*n = -30. Let w = -3 + n. Let f be 8 + (w - (-3 + 5)). Calculate the highest common factor of f and 18.
9
Let c be 93*(-6 + (-1190)/(-30)). What is the highest common divisor of c and 31?
31
Let p(h) = -h**3 - 11*h**2 + 12*h. Let f be p(-12). Let r be 34 + (0 - f - 4). Let v = 75 - r. Calculate the high